{"id":97,"date":"2021-11-01T21:11:31","date_gmt":"2021-11-01T21:11:31","guid":{"rendered":"https:\/\/ubwp.buffalo.edu\/ubcriticalecologies\/?page_id=97"},"modified":"2022-03-08T15:07:28","modified_gmt":"2022-03-08T15:07:28","slug":"jaume-franquesa","status":"publish","type":"page","link":"https:\/\/ubwp.buffalo.edu\/ubcriticalecologies\/jaume-franquesa\/","title":{"rendered":"Jaume Franquesa"},"content":{"rendered":"\n<h2 class=\"wp-block-heading\">Bio<\/h2>\n\n\n\n<div class=\"wp-block-image\"><figure class=\"alignleft size-medium\"><img loading=\"lazy\" decoding=\"async\" width=\"300\" height=\"240\" src=\"https:\/\/ubwp.buffalo.edu\/ubcriticalecologies\/wp-content\/uploads\/sites\/177\/2022\/03\/For-collaborative-032C55A5-C18E-445F-AB60-F0B679CFD94C_1_201_a-1-300x240.jpeg\" alt=\"\" class=\"wp-image-111\" srcset=\"https:\/\/ubwp.buffalo.edu\/ubcriticalecologies\/wp-content\/uploads\/sites\/177\/2022\/03\/For-collaborative-032C55A5-C18E-445F-AB60-F0B679CFD94C_1_201_a-1-300x240.jpeg 300w, https:\/\/ubwp.buffalo.edu\/ubcriticalecologies\/wp-content\/uploads\/sites\/177\/2022\/03\/For-collaborative-032C55A5-C18E-445F-AB60-F0B679CFD94C_1_201_a-1-1024x819.jpeg 1024w, https:\/\/ubwp.buffalo.edu\/ubcriticalecologies\/wp-content\/uploads\/sites\/177\/2022\/03\/For-collaborative-032C55A5-C18E-445F-AB60-F0B679CFD94C_1_201_a-1-768x614.jpeg 768w, https:\/\/ubwp.buffalo.edu\/ubcriticalecologies\/wp-content\/uploads\/sites\/177\/2022\/03\/For-collaborative-032C55A5-C18E-445F-AB60-F0B679CFD94C_1_201_a-1-1536x1229.jpeg 1536w, https:\/\/ubwp.buffalo.edu\/ubcriticalecologies\/wp-content\/uploads\/sites\/177\/2022\/03\/For-collaborative-032C55A5-C18E-445F-AB60-F0B679CFD94C_1_201_a-1-2048x1639.jpeg 2048w, https:\/\/ubwp.buffalo.edu\/ubcriticalecologies\/wp-content\/uploads\/sites\/177\/2022\/03\/For-collaborative-032C55A5-C18E-445F-AB60-F0B679CFD94C_1_201_a-1-1568x1255.jpeg 1568w\" sizes=\"auto, (max-width: 300px) 100vw, 300px\" \/><\/figure><\/div>\n\n\n\n<p><a href=\"mailto:jaume@buffalo.edu\" data-type=\"mailto\" data-id=\"mailto:jaume@buffalo.edu\">Jaume Franquesa<\/a> is Associate Professor and Chair of the Anthropology Department. His research combines historical and ethnographic perspectives to engage with issues of energy transition, nature commodification, and rural politics and memory. His latest publications include the monograph <a href=\"https:\/\/iupress.org\/9780253033727\/power-struggles\/\"><em>Power struggles: Dignity, value and the renewable energy frontier in Spain<\/em><\/a> (2018, Indiana University Press) and a special issue on <a href=\"https:\/\/onlinelibrary.wiley.com\/toc\/14679523\/2020\/60\/4\">\u201cRight-wing populism in rural Europe\u201d<\/a> (2020, in <em>Sociologia Ruralis<\/em>). Franquesa\u2019s new research explores how the rise of far-right politics is leading to new forms of authoritarian environmentalism in Europe. He is also at work on an historical inquiry into the shifting energy bases of the industrialization process in 19<sup>th<\/sup>-century Catalonia. Finally, with collaborators at the University at Barcelona, Franquesa forms part of a research project on the long-term consequences of the Covid-19 pandemic on food systems in Spain funded by the Spanish government. He is also the co-editor of the journal <a href=\"https:\/\/www.springer.com\/journal\/10624\"><em>Dialectical anthropology<\/em><\/a>.<\/p>\n\n\n\n<h2 class=\"wp-block-heading\">Select publications<\/h2>\n\n\n\n<p><strong>Franquesa, J.<\/strong> Forthcoming in 2022. Unruly workers and laborless landscapes: The role of marginal places and redundant people in energy transitions. <em>The Routledge handbook of the anthropology of labor<\/em>. Edited by S. Kasmir and L. Gill. Routledge.<\/p>\n\n\n\n<p><strong>Franquesa, J.<\/strong> Forthcoming in 2022. Natural resources: The twice hidden abode of economic processes. <em>A handbook of economic anthropology<\/em>, revised 3<sup>rd<\/sup> edition. Edited by James Carrier. Edward Elgar.<\/p>\n\n\n\n<p>Mamonova, N., <strong>J. Franquesa<\/strong> and S. Brooks. 2020. &#8216;Actually existing&#8217; right-wing populism in rural Europe: Insights from Eastern Germany, Spain, the United Kingdom and Ukraine. <em>The journal of peasant studies<\/em> 47(7): 1497-1525. <a href=\"https:\/\/doi.10.1080\/03066150.2020.1830767\">10.1080\/03066150.2020.1830767<\/a><\/p>\n\n\n\n<p>Reprinted in: (2021) <em>Authoritarian populism and the rural world<\/em>. Edited by I. Scoones, M. Edelman, S.M. Borras Jr, R. Hall, W. Wolford and B. White. Pp. 420-447 (Chapter 18). London: Routledge. <a href=\"http:\/\/dx.doi.org\/10.4324\/9781003162353-18\">10.4324\/9781003162353-18<\/a><\/p>\n\n\n\n<p>Mamonova, N. and <strong>J. Franquesa<\/strong>. 2020. Right-wing populism in rural Europe. Introduction to the special issue. <em>Sociologia ruralis<\/em> 60(4): 702-709. <a href=\"https:\/\/doi.org\/10.1111\/soru.12306\">10.1111\/soru.12306<\/a><\/p>\n\n\n\n<p>Mamonova, N. and <strong>J. Franquesa<\/strong>. 2020. Populism, neoliberalism and agrarian movements in Europe: Understanding rural support for right-wing politics and looking for progressive solutions. <em>Sociologia ruralis <\/em>60(4): 710-731. <a href=\"https:\/\/doi.org\/10.1111\/soru.12291\">10.1111\/soru.12291<\/a><\/p>\n\n\n\n<p><strong>Franquesa, J. <\/strong>2020. Haciendo y deshaciendo bald\u00edos: Desarrollo energ\u00e9tico y luchas de valor en la Catalu\u00f1a Sur. <em>Revista andaluza de antropolog\u00eda <\/em>18: 77-97 [In Spanish]. <a href=\"https:\/\/dx.doi.org\/10.12795\/RAA.2019.18.05\">10.12795\/RAA.2019.18.05<\/a><\/p>\n\n\n\n<p><strong>Franquesa, J. <\/strong>2019. The vanishing exception: Republican and reactionary specters of populism in rural Spain. <em>The journal of peasant studies<\/em> 46(3): 537-560. DOI: <a href=\"https:\/\/doi.org\/10.1080\/03066150.2019.1578751\">10.1080\/03066150.2019.1578751<\/a>&nbsp;<\/p>\n\n\n\n<p>Reprinted in: (2021) <em>Authoritarian populism and the urral world<\/em>. Edited by I. Scoones, M. Edelman, S.M. Borras Jr, R. Hall, W. Wolford and B. White. Pp.177-200 (Chapter 8). Routledge. <a href=\"http:\/\/dx.doi.org\/10.4324\/9781003162353-8\">10.4324\/9781003162353-8<\/a>&nbsp;<\/p>\n\n\n\n<p><strong>Franquesa, J. <\/strong>2019. Resources: Nature, value and time. <em>A research agenda for economic anthropology<\/em>. Edited by J. Carrier. Pp. 74-89. Edward Elgar. <a href=\"https:\/\/doi.org\/10.4337\/9781788116107.00010\">10.4337\/9781788116107.00010<\/a>&nbsp;&nbsp;<\/p>\n\n\n\n<p><strong>Franquesa, J. <\/strong>2018. <em>Power struggles: Dignity, value, and the renewable energy frontier in Spain<\/em>. Indiana University Press. <a href=\"https:\/\/doi.org\/10.2307\/j.ctvvnf9g\">10.2307\/j.ctvvnf9g<\/a><\/p>\n\n\n\n<p><strong>Franquesa, J. <\/strong>2018. D\u2019erms, pagesos i molins. <em>Arxiu d\u2019etnografia de Catalunya <\/em>18: 159-192 [in Catalan]. <a href=\"https:\/\/doi.org\/10.17345\/aec18.159-192\">10.17345\/aec18.159-192<\/a><\/p>\n\n\n\n<p><\/p>\n","protected":false},"excerpt":{"rendered":"<p>Bio Jaume Franquesa is Associate Professor and Chair of the Anthropology Department. His research combines historical and ethnographic perspectives to engage with issues of energy transition, nature commodification, and rural &hellip; <\/p>\n<p class=\"link-more\"><a href=\"https:\/\/ubwp.buffalo.edu\/ubcriticalecologies\/jaume-franquesa\/\" class=\"more-link\">Continue reading<span class=\"screen-reader-text\"> &#8220;Jaume Franquesa&#8221;<\/span><\/a><\/p>\n","protected":false},"author":482,"featured_media":0,"parent":0,"menu_order":0,"comment_status":"closed","ping_status":"closed","template":"","meta":{"footnotes":""},"class_list":["post-97","page","type-page","status-publish","hentry","entry"],"_links":{"self":[{"href":"https:\/\/ubwp.buffalo.edu\/ubcriticalecologies\/wp-json\/wp\/v2\/pages\/97","targetHints":{"allow":["GET"]}}],"collection":[{"href":"https:\/\/ubwp.buffalo.edu\/ubcriticalecologies\/wp-json\/wp\/v2\/pages"}],"about":[{"href":"https:\/\/ubwp.buffalo.edu\/ubcriticalecologies\/wp-json\/wp\/v2\/types\/page"}],"author":[{"embeddable":true,"href":"https:\/\/ubwp.buffalo.edu\/ubcriticalecologies\/wp-json\/wp\/v2\/users\/482"}],"replies":[{"embeddable":true,"href":"https:\/\/ubwp.buffalo.edu\/ubcriticalecologies\/wp-json\/wp\/v2\/comments?post=97"}],"version-history":[{"count":4,"href":"https:\/\/ubwp.buffalo.edu\/ubcriticalecologies\/wp-json\/wp\/v2\/pages\/97\/revisions"}],"predecessor-version":[{"id":112,"href":"https:\/\/ubwp.buffalo.edu\/ubcriticalecologies\/wp-json\/wp\/v2\/pages\/97\/revisions\/112"}],"wp:attachment":[{"href":"https:\/\/ubwp.buffalo.edu\/ubcriticalecologies\/wp-json\/wp\/v2\/media?parent=97"}],"curies":[{"name":"wp","href":"https:\/\/api.w.org\/{rel}","templated":true}]}}