{"id":30,"date":"2026-01-07T12:28:05","date_gmt":"2026-01-07T12:28:05","guid":{"rendered":"https:\/\/ubwp.buffalo.edu\/clear-linguistics\/?page_id=30"},"modified":"2026-04-09T05:37:20","modified_gmt":"2026-04-09T05:37:20","slug":"current-schedule","status":"publish","type":"page","link":"https:\/\/ubwp.buffalo.edu\/clear-linguistics\/current-schedule\/","title":{"rendered":"Current Schedule"},"content":{"rendered":"\n<details class=\"wp-block-details is-layout-flow wp-block-details-is-layout-flow\"><summary>February 10, 2026; 9:30-10:30 EST<\/summary>\n<p>Dr. St\u00e9phane T\u00e9rosier will briefly present George Walkden\u2019s (2019) paper,&nbsp;<em>The many faces of uniformitarianism in linguistics<\/em>. The presentation will be followed by an open discussion. Join the Reading Group listserv (see homepage) for location and Zoom details.<\/p>\n<\/details>\n\n\n\n<details class=\"wp-block-details is-layout-flow wp-block-details-is-layout-flow\"><summary>February 17, 2026; 9:30-10:30 EST<\/summary>\n<p>Anna Gosebrink (University of Cologne) will present research entitled &#8220;Multifunctionality in the Demonstrative System of Kununurra Kriol.&#8221;<\/p>\n\n\n\n<p>Abstract : <\/p>\n\n\n\n<p>Demonstratives play a central role in NP morphosyntax cross-linguistically (Dixon 2003; Levinson et al. 2018). Yet, studies on the structural properties of demonstratives in Australian Creole languages remain limited. Focusing on Kununurra Kriol, an English-lexified Creole language spoken in the East Kimberley region of Western Australia, this paper presents new data addressing this gap.<\/p>\n\n\n\n<p>Based on data from recent fieldwork, this paper investigates the behaviour of demonstratives in adnominal, pronominal, adverbial contexts as well as in identificational constructions (Diessel 1999; Diessel 2023) to show how individual forms extend across multiple syntactic environments. Overall, the findings point to a flexible and multifunctional system in Kununurra Kriol, in which demonstratives participate in both NP-internal structure and clausal syntax. The study thus highlights the morphosyntactic richness of the system and contributes to typological and theoretical discussions of demonstratives in Creole languages.<\/p>\n<\/details>\n\n\n\n<details class=\"wp-block-details is-layout-flow wp-block-details-is-layout-flow\"><summary>February 24, 2026; 9:30-10:30 EST<\/summary>\n<p>Donna Park (University at Buffalo) will briefly present Syea\u2019s (2025) paper,&nbsp;<em>Indo Aryan influence in Mauritian Creole<\/em>. The presentation will be followed by an open discussion. Join the Reading Group listserv (see homepage) for location and Zoom details.<\/p>\n<\/details>\n\n\n\n<details class=\"wp-block-details is-layout-flow wp-block-details-is-layout-flow\"><summary>March 3, 2026; 9:30-10:30 EST<\/summary>\n<p>Felicia Bisnath (Western Norway University of Applied Sciences) will present a recently published (2025) paper with colleagues entitled <em>Deconstructing notions of morphological&nbsp;\u2018complexity\u2019: Lessons from creoles and sign languages<\/em>. The presentation will be followed by an open discussion. Join the Reading Group listserv (see homepage) for location and Zoom details.<\/p>\n<\/details>\n\n\n\n<details class=\"wp-block-details is-layout-flow wp-block-details-is-layout-flow\"><summary>March 10, 2026; 9:30-10:30 EST<\/summary>\n<p>Meeting postponed<\/p>\n<\/details>\n\n\n\n<details class=\"wp-block-details is-layout-flow wp-block-details-is-layout-flow\"><summary>March 17, 2026; 9:30-10:30 EST<\/summary>\n<p>Christopher Legerme (MIT) will present research entitled &#8220;Transitive alternations and the syntax-phonology interface in French Creole&#8221;<\/p>\n\n\n\n<p>Abstract:<\/p>\n\n\n\n<p>The verbal morphology of certain French Creoles (e.g., Mauritian and Haitian) is systematically sensitive to transitive alternations; the LONG FORM of a transitive verb is required when its internal argument surfaces preverbally (Henri 2021, forthcoming).<\/p>\n\n\n\n<ol start=\"1\" class=\"wp-block-list\">\n<li>Fim&nbsp; &nbsp; &nbsp; &nbsp; sa&nbsp; &nbsp; &nbsp; &nbsp; &nbsp; &nbsp; ka&nbsp; &nbsp; &nbsp; &nbsp; &nbsp;gad*( e ) &nbsp; &nbsp; &nbsp;sou &nbsp; Netflix.                        Movie&nbsp; &nbsp; this&nbsp; &nbsp; &nbsp; &nbsp; can&nbsp; &nbsp; &nbsp; &nbsp;watch&nbsp; &nbsp; &nbsp; &nbsp; &nbsp; on &nbsp; &nbsp; Netflix.                        &#8220;This Movie can be&nbsp; watched on Netflix.&#8221; &nbsp;(Haitian Creole)<\/li>\n<\/ol>\n\n\n\n<ol start=\"2\" class=\"wp-block-list\">\n<li>Li &nbsp; &nbsp; &nbsp; &nbsp; &nbsp;pe &nbsp; &nbsp; &nbsp; &nbsp; &nbsp; &nbsp;fors*( e ) &nbsp; vann &nbsp; &nbsp;so &nbsp; &nbsp; &nbsp; &nbsp; &nbsp;lakaz.                              3.SG &nbsp; PROG &nbsp; &nbsp; force &nbsp; &nbsp; &nbsp; &nbsp; &nbsp;sell &nbsp; &nbsp; &nbsp; 3.SG &nbsp; &nbsp;house&#8221;.                               He is being forced to sell his home.&#8221; (Mauritian Creole, Kriegel 1994)<\/li>\n<\/ol>\n\n\n\n<p>It just so happens that the syntactic &#8220;facilitation&#8221; needed to support &#8220;transitive OV&#8221; word orders in the first place varies by language and by verb (see Newman 2020 for &#8220;facilitation&#8221; effects on A-movement; see Syea 2024 for &#8220;transitive OV&#8221; in creoles). For example, tense\/aspect morphemes suffice for Mauritian Creole in (2), but Haitian Creole speakers strongly prefer that a facilitating morpheme like the modal&nbsp;<em>ka<\/em>&nbsp;&#8220;can&#8221; accompany their preverbal argument in this context (1). Still, the morphological requirement associated with transitive OV word orders is consistent in both languages, and the short form of the verb (e.g.,&nbsp;<em>gad<\/em>&nbsp;&#8220;watch&#8221; or&nbsp;<em>fors&nbsp;<\/em>&#8220;force&#8221;) is ruled out here (note that the short form would be fine for the analogous A-bar movement constructions of (1) and (2)). This consistency is interesting because of how differently the alternation between long and short verb forms otherwise plays out across languages: the two forms may be complementary or interchangeable depending on the language and the syntactic or information-structural context. For both Mauritian and Haitian, however, we do also know that&nbsp;<strong>the short form can&#8217;t be VP-final<\/strong>&nbsp;(Syea 1992, and others). There\u2019s some consensus that the short\/long alternation reflects deeper facts about syntactic constituency (van der Wal 2017; van der Wal &amp; Veenstra 2015). In this regard French Creoles are likened to Bantu languages such as Zulu where the analogous conjoint\/disjoint alternation may also be &#8220;constituency-based&#8221;, and the morphologically sparser conjoint forms likewise may not be VP-final (e.g., Halpert 2016: 87\u201389; cf. van der Wal &amp; Veenstra 2015: 120). It&#8217;s also interesting that HC only has ~12 verbs that alternate between long and short forms, while about 70% of Mauritian verbs alternate like this (Henri, forthcoming), and yet both languages can be shown to constrain their verbal morphology&nbsp;in similar ways.&nbsp;<\/p>\n\n\n\n<p>I will present my ongoing work on argument structure in French Creoles, focusing on constructions that have been analyzed as &#8220;passives&#8221; or &#8220;middles&#8221; and their interaction with alternating verb forms. I will argue that, rather than treating &#8220;passives&#8221; and &#8220;middles&#8221; (or A\/A-bar) as germane to how people categorize verbs (or movement operations), it is more efficient (and much less confusing!) to examine how general (and independent) principles of both locality-constrained syntactic derivation (e.g., Newman 2021, 2024) and phonologically governed morphological realization (e.g., Scheer 2016; Lahrouchi and Ulfsbjorninn 2024) might interact to shape the complex surface patterns. A deeper comparison of French Creole grammars therefore promises insight into how verbs are constructed when morphological paradigms are compact but tightly regulated by the&nbsp; syntax-phonology interface, revealing their structural commonalities despite superficial differences.<\/p>\n<\/details>\n\n\n\n<details class=\"wp-block-details is-layout-flow wp-block-details-is-layout-flow\"><summary>March 24, 2026; 9:30-10:30 EST<\/summary>\n<p>Ingo Plag and Lara R\u00fcter (Heinrich-Heine-Universit\u00e4t D\u00fcsseldorf) will present their (2024) article entitled <em>Measuring the similarity between languages: The case of creoles and non-creoles<\/em>. The presentation will be followed by an open discussion. Join the Reading Group listserv (see homepage) for location and Zoom details.<\/p>\n<\/details>\n\n\n\n<details class=\"wp-block-details is-layout-flow wp-block-details-is-layout-flow\"><summary>March 31, 2026; 9:30-10:30 EST<\/summary>\n<p>Lesia Collard Buresi (Universit\u00e9 Paris Cit\u00e9- Paris 7) <\/p>\n\n\n\n<div data-wp-interactive=\"core\/file\" class=\"wp-block-file\"><object data-wp-bind--hidden=\"!state.hasPdfPreview\" hidden class=\"wp-block-file__embed\" data=\"https:\/\/ubwp.buffalo.edu\/clear-linguistics\/wp-content\/uploads\/sites\/247\/2026\/03\/Abstract_Lesia.pdf\" type=\"application\/pdf\" style=\"width:100%;height:600px\" aria-label=\"Embed of Abstract_Lesia.\"><\/object><a id=\"wp-block-file--media-38399ed6-a8aa-4f9b-9c50-f7b00aa15e3a\" href=\"https:\/\/ubwp.buffalo.edu\/clear-linguistics\/wp-content\/uploads\/sites\/247\/2026\/03\/Abstract_Lesia.pdf\">Abstract_Lesia<\/a><a href=\"https:\/\/ubwp.buffalo.edu\/clear-linguistics\/wp-content\/uploads\/sites\/247\/2026\/03\/Abstract_Lesia.pdf\" class=\"wp-block-file__button wp-element-button\" download aria-describedby=\"wp-block-file--media-38399ed6-a8aa-4f9b-9c50-f7b00aa15e3a\">Download<\/a><\/div>\n<\/details>\n\n\n\n<details class=\"wp-block-details is-layout-flow wp-block-details-is-layout-flow\"><summary>April 7, 2026; 9:30-10:30 EST<\/summary>\n<p>Colleen Ballukas (University at Buffalo)<\/p>\n\n\n\n<p>Dr. Colleen Ballukas will present briefly William Labov (2025) paper, <em>Finding out about children&#8217;s Language.<\/em> The presentation will be followed by an open discussion. Join the Reading Group listserv (see homepage) for location and Zoom details.<\/p>\n<\/details>\n\n\n\n<details class=\"wp-block-details is-layout-flow wp-block-details-is-layout-flow\"><summary>April 14, 2026; 9:30-10:30 EST<\/summary>\n<p>Mathilde Dallier (The University of the West Indies)<\/p>\n\n\n\n<div data-wp-interactive=\"core\/file\" class=\"wp-block-file\"><object data-wp-bind--hidden=\"!state.hasPdfPreview\" hidden class=\"wp-block-file__embed\" data=\"https:\/\/ubwp.buffalo.edu\/clear-linguistics\/wp-content\/uploads\/sites\/247\/2026\/04\/Abstract-Mathilde-Dallier-CLEAR-Creolist-Reading-group-University-of-Buffalo.pdf\" type=\"application\/pdf\" style=\"width:100%;height:600px\" aria-label=\"Embed of Abstract- Mathilde Dallier- CLEAR Creolist Reading group- University of Buffalo.\"><\/object><a id=\"wp-block-file--media-8f06be35-e6e1-4a59-a368-c9bbb4bf1081\" href=\"https:\/\/ubwp.buffalo.edu\/clear-linguistics\/wp-content\/uploads\/sites\/247\/2026\/04\/Abstract-Mathilde-Dallier-CLEAR-Creolist-Reading-group-University-of-Buffalo.pdf\">Abstract- Mathilde Dallier- CLEAR Creolist Reading group- University of Buffalo<\/a><a href=\"https:\/\/ubwp.buffalo.edu\/clear-linguistics\/wp-content\/uploads\/sites\/247\/2026\/04\/Abstract-Mathilde-Dallier-CLEAR-Creolist-Reading-group-University-of-Buffalo.pdf\" class=\"wp-block-file__button wp-element-button\" download aria-describedby=\"wp-block-file--media-8f06be35-e6e1-4a59-a368-c9bbb4bf1081\">Download<\/a><\/div>\n<\/details>\n\n\n\n<details class=\"wp-block-details is-layout-flow wp-block-details-is-layout-flow\"><summary>April 21, 2026; 9:30-10:30 EST<\/summary>\n<p>Peter Bakker (Aarhus University)<\/p>\n\n\n\n<div data-wp-interactive=\"core\/file\" class=\"wp-block-file\"><object data-wp-bind--hidden=\"!state.hasPdfPreview\" hidden class=\"wp-block-file__embed\" data=\"https:\/\/ubwp.buffalo.edu\/clear-linguistics\/wp-content\/uploads\/sites\/247\/2026\/04\/Buffalo-FIN.pdf\" type=\"application\/pdf\" style=\"width:100%;height:600px\" aria-label=\"Embed of Buffalo-FIN.\"><\/object><a id=\"wp-block-file--media-84c92367-198f-4700-ba06-2e51060d006d\" href=\"https:\/\/ubwp.buffalo.edu\/clear-linguistics\/wp-content\/uploads\/sites\/247\/2026\/04\/Buffalo-FIN.pdf\">Buffalo-FIN<\/a><a href=\"https:\/\/ubwp.buffalo.edu\/clear-linguistics\/wp-content\/uploads\/sites\/247\/2026\/04\/Buffalo-FIN.pdf\" class=\"wp-block-file__button wp-element-button\" download aria-describedby=\"wp-block-file--media-84c92367-198f-4700-ba06-2e51060d006d\">Download<\/a><\/div>\n<\/details>\n\n\n\n<details class=\"wp-block-details is-layout-flow wp-block-details-is-layout-flow\"><summary>April 28, 2026; 9:30-10:30 EST<\/summary>\n<p>Invited Speaker: Silvia Kouwenberg (The University of the West Indies)<\/p>\n\n\n\n<p>TBA<\/p>\n<\/details>\n\n\n\n<details class=\"wp-block-details is-layout-flow wp-block-details-is-layout-flow\"><summary>May 5, 2026; 9:30-10:30 EST<\/summary>\n<p>Melissa McCarron (University at Buffalo)<\/p>\n\n\n\n<p>TBA<\/p>\n<\/details>\n\n\n\n<details class=\"wp-block-details is-layout-flow wp-block-details-is-layout-flow\"><summary>May 12, 2026; 9:30-10:30 EST<\/summary>\n<p>Aymeric Daval-Markussen (Aarhus University)<\/p>\n\n\n\n<p>TBA<\/p>\n<\/details>\n\n\n\n<details class=\"wp-block-details is-layout-flow wp-block-details-is-layout-flow\"><summary>May 19, 2026; 9:30-10:30 EST<\/summary>\n<p>Rasul Dent (Inria)<\/p>\n\n\n\n<p>TBA<\/p>\n<\/details>\n","protected":false},"excerpt":{"rendered":"","protected":false},"author":666,"featured_media":0,"parent":0,"menu_order":0,"comment_status":"closed","ping_status":"closed","template":"","meta":{"_EventAllDay":false,"_EventTimezone":"","_EventStartDate":"","_EventEndDate":"","_EventStartDateUTC":"","_EventEndDateUTC":"","_EventShowMap":false,"_EventShowMapLink":false,"_EventURL":"","_EventCost":"","_EventCostDescription":"","_EventCurrencySymbol":"","_EventCurrencyCode":"","_EventCurrencyPosition":"","_EventDateTimeSeparator":"","_EventTimeRangeSeparator":"","_EventOrganizerID":[],"_EventVenueID":[],"_OrganizerEmail":"","_OrganizerPhone":"","_OrganizerWebsite":"","_VenueAddress":"","_VenueCity":"","_VenueCountry":"","_VenueProvince":"","_VenueState":"","_VenueZip":"","_VenuePhone":"","_VenueURL":"","_VenueStateProvince":"","_VenueLat":"","_VenueLng":"","_VenueShowMap":false,"_VenueShowMapLink":false,"footnotes":""},"class_list":["post-30","page","type-page","status-publish","hentry"],"_links":{"self":[{"href":"https:\/\/ubwp.buffalo.edu\/clear-linguistics\/wp-json\/wp\/v2\/pages\/30","targetHints":{"allow":["GET"]}}],"collection":[{"href":"https:\/\/ubwp.buffalo.edu\/clear-linguistics\/wp-json\/wp\/v2\/pages"}],"about":[{"href":"https:\/\/ubwp.buffalo.edu\/clear-linguistics\/wp-json\/wp\/v2\/types\/page"}],"author":[{"embeddable":true,"href":"https:\/\/ubwp.buffalo.edu\/clear-linguistics\/wp-json\/wp\/v2\/users\/666"}],"replies":[{"embeddable":true,"href":"https:\/\/ubwp.buffalo.edu\/clear-linguistics\/wp-json\/wp\/v2\/comments?post=30"}],"version-history":[{"count":12,"href":"https:\/\/ubwp.buffalo.edu\/clear-linguistics\/wp-json\/wp\/v2\/pages\/30\/revisions"}],"predecessor-version":[{"id":133,"href":"https:\/\/ubwp.buffalo.edu\/clear-linguistics\/wp-json\/wp\/v2\/pages\/30\/revisions\/133"}],"wp:attachment":[{"href":"https:\/\/ubwp.buffalo.edu\/clear-linguistics\/wp-json\/wp\/v2\/media?parent=30"}],"curies":[{"name":"wp","href":"https:\/\/api.w.org\/{rel}","templated":true}]}}